2*h + 4*w - o. What are the prime factors of h?
3, 163
Let p(j) = 91*j**2 + 283*j - 57. What are the prime factors of p(-20)?
61, 503
List the prime factors of (-26 - (-21780)/(-80))/(2/(-80)).
2, 5, 1193
Suppose -4*y - 15 = 2*v + y, -y - 3 = v. Suppose 4*n + x - 8 = 360, v = 4*n + 3*x - 368. List the prime factors of n.
2, 23
Suppose -12*d + 72 = 12. Suppose -3*s + 17 = h, -2*s = -7*s - 2*h + 30. Suppose -2*r + d*f = -200, 2*f + 206 = -2*r + s*r. List the prime factors of r.
3, 5, 7
Let b = -1010 - -2970. List the prime factors of b.
2, 5, 7
Let j(t) be the third derivative of t**5/30 - t**4 + 13*t**3/2 + 72*t**2. Let y(x) = x**2 + 7*x + 15. Let f be y(-7). List the prime factors of j(f).
3, 43
Let a be 4 - 6/(-3)*-1. Let x be (-2)/(-12) - 1432/(-48). Let y = a + x. List the prime factors of y.
2
Let a(d) = -9*d + 19. Let j be a(2). Let k be (-2 + 12/8)/(j/(-6)). Suppose 618 = 5*t + 2*f, -4*f + 616 = k*t + 2*t. List the prime factors of t.
2, 31
Let h = -30779 + 50411. What are the prime factors of h?
2, 3, 409
Let k(g) = 1113*g**2 - 689*g - 3430. List the prime factors of k(-5).
2, 3, 5, 29
Suppose 0 = -12*z + 24 - 24. Suppose z = 3*o - 2239 + 580. What are the prime factors of o?
7, 79
Let p(o) be the second derivative of o**4/12 + 3*o**3/2 + 41*o**2/2 + o - 2. List the prime factors of p(-13).
3, 31
Suppose 3140 = -5*h + f, -326 + 2210 = -3*h + 4*f. Let w = 1299 + h. What are the prime factors of w?
11, 61
Let a(d) be the second derivative of 79*d**3/6 - 22*d**2 - 26*d - 1. List the prime factors of a(4).
2, 17
Suppose 5*d = -2*j + 104494, -62690 = -3*d + 3*j - j. What are the prime factors of d?
2, 3, 43
Let b = 8 - 5. Let m(s) be the first derivative of 30*s**2 + 22*s - 400. What are the prime factors of m(b)?
2, 101
Let z = 181 + -176. Let o = 18 - 9. Suppose -188 = z*c - o*c. List the prime factors of c.
47
Suppose 15 = 4*a + a, -5*q + 43 = a. Suppose q = -4*g - 24. Let u = 11 - g. List the prime factors of u.
19
Let q = 38 + -35. Suppose 6 = -q*x - 3*x. List the prime factors of (-4 - (-822)/12)*(1 - x).
3, 43
Let l(q) = q - 4. Let i be l(6). Let g be 4*(4 + (-7)/i). List the prime factors of g/4*4/(-8)*-120.
2, 3, 5
Let r = 28911 - 14435. What are the prime factors of r?
2, 7, 11, 47
Suppose -3*l + 9057 = -3*d, -6*l + 2*l + 12073 = -5*d. Let x = l - 1960. What are the prime factors of x?
2, 3, 59
Suppose 0 = 4*m + 5*d - 9594, m + 4*d - 7*d - 2390 = 0. List the prime factors of m.
2, 599
Let x(d) = -d + 7. Let n(u) = -5 + 2*u + 17 + 4 + 14. Let k be n(-19). What are the prime factors of x(k)?
3, 5
Let p(q) = -1643*q**3 + 3*q**2 - 53*q - 112. List the prime factors of p(-2).
2, 5, 263
Let j(y) = 2*y - 8. Suppose -t + 9 = 3. Let f be j(t). Suppose 323 = 3*h + 5*q, 2*q = -f*h - q + 449. What are the prime factors of h?
2, 29
Let o be (-5 - -4)/(5/50). Let n(v) = 3*v**2 - 7*v - 17. List the prime factors of n(o).
353
List the prime factors of (-65 + -3)*(26928/32)/(-17).
2, 3, 11, 17
Let m = -1263 + 3077. Let p = -796 + m. List the prime factors of p.
2, 509
Let x(w) = w**3 - 6*w**2 + 4*w + 3. Let u be x(5). Let c(h) = -h**3 + 8*h**2 - 29*h + 149. Let o be c(7). List the prime factors of 61 - u - o*1.
2, 17
What are the prime factors of 47 + -42 + 53*21?
2, 13, 43
Let g = 23099 + -13714. What are the prime factors of g?
5, 1877
Let o be (-870)/(-261) + (-1 - (-5)/3). What are the prime factors of (-111)/3*(o + -6)/2?
37
List the prime factors of ((28/70)/(32/40))/((-1)/(-50546)).
127, 199
Suppose -36 = -9*o - 9. What are the prime factors of 2/o + 572/33?
2, 3
Suppose 1390*l = 1392*l - 15202. What are the prime factors of l?
11, 691
Suppose -4*p + 5*l = -28086, 0 = -p - 5*l + 5787 + 1272. What are the prime factors of p?
3, 11, 71
Let l(d) = 9*d**2 + 657*d + 9. List the prime factors of l(-82).
3, 739
Let a(x) = x**3 - 15*x**2 + 43*x + 12. Let l be a(11). List the prime factors of (9 - 392)/(l/(-1)).
383
Let a(n) = -n**2 + 14*n - 45. Let l be a(8). What are the prime factors of (4 - l) + (1 - -1) + 235?
2, 7, 17
Let c be 185/4 + 26/(-104). Suppose -11*s + c*s = 36190. What are the prime factors of s?
2, 11, 47
Suppose -21 = 2*x - 235. Suppose -3*w - x = 154. List the prime factors of (-4 + (-33)/(-9))*w.
29
Let i(h) = 86*h + 13. Let x(j) = 86*j + 12. Let q(v) = 3*i(v) - 2*x(v). Suppose 2*r - 5 = -t, 3*r - t + 0 - 5 = 0. What are the prime factors of q(r)?
11, 17
Suppose 4*o = k + 3*k + 364, -2*o = -3*k - 275. Let u = k - -130. What are the prime factors of u?
37
Suppose -23*c - 279 = -831. Suppose c*y - 10*y = 12782. What are the prime factors of y?
11, 83
Let v = -345 - -385. What are the prime factors of 4 + (-3810)/(v/(-8))?
2, 383
Let b = -29727 + 42833. What are the prime factors of b?
2, 6553
Let m = 73622 + -21014. What are the prime factors of m?
2, 3, 137
Suppose 4*g = 7*v - 5*v - 1212, 0 = 5*g + 15. List the prime factors of v.
2, 3, 5
Suppose 43*v + 99735 = 18693 + 456260. List the prime factors of v.
2, 4363
Let j(b) = -b**2 + 4*b + 30. Let h be j(7). Let x = h - 6. Suppose -42 = -x*g - 4*g. What are the prime factors of g?
2, 3
List the prime factors of (-4)/(-9) + (-12992192)/(-387) + -36.
2, 131
Let g = -2882 - -7676. List the prime factors of g.
2, 3, 17, 47
Let c = -401 - -614. Suppose 2*b = -5*f + 495, 30 + c = b + 4*f. List the prime factors of (1 + 5/(-15))*b.
2, 5, 17
Let h = 60 - 102. Let q be (-28)/h*(-921)/(-2). Suppose q = 5*b - 428. What are the prime factors of b?
3, 7
Suppose 51*w = 46*w + 65. Let h = 46 + w. List the prime factors of h.
59
Suppose 0 = -195*l - 57*l + 33*l + 5140806. List the prime factors of l.
2, 11, 97
Let t(g) = -33 - g**2 + 0*g - 5*g - 46 + 2*g**2. List the prime factors of t(15).
71
Let f = -8032 - -21053. List the prime factors of f.
29, 449
Suppose 4*u = 8, u + 2028 + 358 = 2*p. What are the prime factors of (p/12)/((36/56)/9)?
7, 199
Let a = -39909 - -44356. List the prime factors of a.
4447
Let d(f) = 4100*f**2 - 24*f - 48. List the prime factors of d(-2).
2, 5, 41
What are the prime factors of (2164/(-6))/(10*13/(-3705))?
19, 541
Suppose -6*z = -2*z - 5*m - 27438, 0 = -4*z - 2*m + 27452. List the prime factors of z.
2, 47, 73
Let h = 18506 - 2977. What are the prime factors of h?
53, 293
Let o(j) = -j**2 - 4*j + 5. Let l be o(2). Let b = 387 - l. List the prime factors of b.
2, 197
Let u be (-6)/(24/(-28)) + -3. Suppose u*p - 1311 = -w, 2*p - 6483 = -13*w + 8*w. List the prime factors of w.
5, 7, 37
Suppose 4*m - 3*m = 8. Let c(y) = -y**2 + 6*y + 19. Let o be c(m). Suppose -114 = -o*d + d - 5*j, -2*j + 196 = 4*d. List the prime factors of d.
47
List the prime factors of 6*6/(-81) - (5 - (-172880)/(-18)).
29, 331
Let g be (0/(-6))/(-6)*4/(-8). Suppose 4 + 0 = -2*d, -5*i - 5*d + 225 = g. What are the prime factors of i?
47
Suppose -6*z - 6 = -4*z. What are the prime factors of z/6*(-4662)/7?
3, 37
Suppose -29494 = -4*j + 5*p, -j + 5*p + 7085 = -296. List the prime factors of j.
3, 7, 13
Let h = 18 + -10. Suppose -h*v - 7 + 31 = 0. Suppose v*c + c - 249 = 3*k, 5*c - 315 = 3*k. List the prime factors of c.
2, 3, 11
Suppose -57 = -2*j + 113. Let h = j + -75. Suppose 800 = -5*p + h*p. List the prime factors of p.
2, 5
Let z = 519 + -203. Let j = -142 + z. List the prime factors of j.
2, 3, 29
Let x be 1 + ((-1)/2)/(1/98). Let n = x + 52. Suppose 3*s - n*o = 336, 5*s - 5*o + 0*o - 555 = 0. What are the prime factors of s?
2, 3
Suppose 0 = 4*o - 2*p - 66180, -3*p + 82714 = 59*o - 54*o. List the prime factors of o.
2, 11, 47
Let m(z) = -13*z**3 + 2*z**2 - 22*z - 1. Let t be m(-5). Suppose 2*v - t = -2*u + 224, 4036 = 4*v - u. Suppose -5*h + v = 8. List the prime factors of h.
2, 5
Let q(y) = 5*y**3 - 33*y**2 + 52*y - 15. List the prime factors of q(14).
3, 5, 59
Let q be 1425/5 - (1 - -2)/(-1). Suppose -q = -356*w + 353*w. What are the prime factors of w?
2, 3
Let c be -2*59 + 15/(-3). Let m = 279 + c. What are the prime factors of m?
2, 3, 13
Let q = -32 + 50. Let n = q + -15. What are the prime factors of ((-23)/2)/((n + 1)/(-24))?
3, 23
Let w = 6556 - 492. List the prime factors of w.
2, 379
Let t(l) = 1952*l + 1131. List the prime factors of t(44).
173, 503
Suppose -3*b = 0, 5*v + 3*b - 1977 = 2*v. Let q = v - 333. Let n = q + -218. What are the prime factors of n?
2, 3
What are the 